{"id":75,"date":"2021-04-11T14:00:20","date_gmt":"2021-04-11T14:00:20","guid":{"rendered":"http:\/\/nicovalconstrucciones.com\/web\/?page_id=75"},"modified":"2025-03-19T13:36:44","modified_gmt":"2025-03-19T13:36:44","slug":"index","status":"publish","type":"page","link":"https:\/\/nicovalconstrucciones.com\/web\/","title":{"rendered":"index"},"content":{"rendered":"\t\t<div data-elementor-type=\"wp-page\" data-elementor-id=\"75\" class=\"elementor elementor-75\">\n\t\t\t\t\t\t<section class=\"elementor-section elementor-top-section elementor-element elementor-element-19fdcbd elementor-section-full_width elementor-section-height-min-height elementor-section-height-default elementor-section-items-middle\" data-id=\"19fdcbd\" data-element_type=\"section\" data-e-type=\"section\" data-settings=\"{&quot;background_background&quot;:&quot;video&quot;,&quot;animation&quot;:&quot;none&quot;,&quot;background_video_link&quot;:&quot;https:\\\/\\\/www.youtube.com\\\/watch?v=vmSsQMcJOiI&quot;,&quot;background_video_start&quot;:10,&quot;background_video_end&quot;:43,&quot;background_play_on_mobile&quot;:&quot;yes&quot;}\">\n\t\t\t\t\t\t\t\t<div class=\"elementor-background-video-container\">\n\t\t\t\t\t\t\t\t\t\t\t\t\t<div class=\"elementor-background-video-embed\" role=\"presentation\"><\/div>\n\t\t\t\t\t\t\t\t\t\t\t\t<\/div>\n\t\t\t\t\t\t\t\t\t<div class=\"elementor-background-overlay\"><\/div>\n\t\t\t\t\t\t\t<div class=\"elementor-container elementor-column-gap-no\">\n\t\t\t\t\t<div class=\"elementor-column elementor-col-100 elementor-top-column elementor-element elementor-element-3ff9851\" data-id=\"3ff9851\" data-element_type=\"column\" data-e-type=\"column\">\n\t\t\t<div class=\"elementor-widget-wrap elementor-element-populated\">\n\t\t\t\t\t\t<section class=\"elementor-section elementor-inner-section elementor-element elementor-element-c4ffec5 elementor-section-boxed elementor-section-height-default elementor-section-height-default\" data-id=\"c4ffec5\" data-element_type=\"section\" data-e-type=\"section\">\n\t\t\t\t\t\t<div class=\"elementor-container elementor-column-gap-default\">\n\t\t\t\t\t<div class=\"elementor-column elementor-col-50 elementor-inner-column elementor-element elementor-element-15f097a\" data-id=\"15f097a\" data-element_type=\"column\" data-e-type=\"column\">\n\t\t\t<div class=\"elementor-widget-wrap\">\n\t\t\t\t\t\t\t<\/div>\n\t\t<\/div>\n\t\t\t\t<div class=\"elementor-column elementor-col-50 elementor-inner-column elementor-element elementor-element-fa88509\" data-id=\"fa88509\" data-element_type=\"column\" data-e-type=\"column\">\n\t\t\t<div class=\"elementor-widget-wrap elementor-element-populated\">\n\t\t\t\t\t\t<div class=\"elementor-element elementor-element-de684d9 elementor-invisible elementor-widget elementor-widget-image\" data-id=\"de684d9\" data-element_type=\"widget\" data-e-type=\"widget\" data-settings=\"{&quot;_animation&quot;:&quot;fadeIn&quot;,&quot;_animation_delay&quot;:1500}\" data-widget_type=\"image.default\">\n\t\t\t\t<div class=\"elementor-widget-container\">\n\t\t\t\t\t\t\t\t\t\t\t\t\t\t\t<img decoding=\"async\" width=\"105\" height=\"55\" src=\"https:\/\/nicovalconstrucciones.com\/web\/wp-content\/uploads\/2021\/04\/icono.png\" class=\"elementor-animation-grow attachment-large size-large wp-image-164\" alt=\"\" \/>\t\t\t\t\t\t\t\t\t\t\t\t\t\t\t<\/div>\n\t\t\t\t<\/div>\n\t\t\t\t<div class=\"elementor-element elementor-element-5718af5 elementor-invisible elementor-widget elementor-widget-heading\" data-id=\"5718af5\" data-element_type=\"widget\" data-e-type=\"widget\" data-settings=\"{&quot;_animation&quot;:&quot;fadeInUp&quot;}\" data-widget_type=\"heading.default\">\n\t\t\t\t<div class=\"elementor-widget-container\">\n\t\t\t\t\t<h2 class=\"elementor-heading-title elementor-size-default\">SITIO<\/h2>\t\t\t\t<\/div>\n\t\t\t\t<\/div>\n\t\t\t\t<div class=\"elementor-element elementor-element-d9e6c21 elementor-invisible elementor-widget elementor-widget-heading\" data-id=\"d9e6c21\" data-element_type=\"widget\" data-e-type=\"widget\" data-settings=\"{&quot;_animation&quot;:&quot;fadeInDown&quot;,&quot;_animation_delay&quot;:500}\" data-widget_type=\"heading.default\">\n\t\t\t\t<div class=\"elementor-widget-container\">\n\t\t\t\t\t<h2 class=\"elementor-heading-title elementor-size-default\">EN<\/h2>\t\t\t\t<\/div>\n\t\t\t\t<\/div>\n\t\t\t\t<div class=\"elementor-element elementor-element-8635f41 elementor-invisible elementor-widget elementor-widget-heading\" data-id=\"8635f41\" data-element_type=\"widget\" data-e-type=\"widget\" data-settings=\"{&quot;_animation&quot;:&quot;fadeInUp&quot;,&quot;_animation_delay&quot;:1000}\" data-widget_type=\"heading.default\">\n\t\t\t\t<div class=\"elementor-widget-container\">\n\t\t\t\t\t<h2 class=\"elementor-heading-title elementor-size-default\">CONSTRUCCI\u00d3N<\/h2>\t\t\t\t<\/div>\n\t\t\t\t<\/div>\n\t\t\t\t<div class=\"elementor-element elementor-element-41fc00a elementor-hidden-phone elementor-widget elementor-widget-progress\" data-id=\"41fc00a\" data-element_type=\"widget\" data-e-type=\"widget\" data-settings=\"{&quot;_animation&quot;:&quot;none&quot;,&quot;_animation_delay&quot;:3000}\" data-widget_type=\"progress.default\">\n\t\t\t\t<div class=\"elementor-widget-container\">\n\t\t\t\t\t\n\t\t<div class=\"elementor-progress-wrapper\" role=\"progressbar\" aria-valuemin=\"0\" aria-valuemax=\"100\" aria-valuenow=\"50\">\n\t\t\t<div class=\"elementor-progress-bar\" data-max=\"50\">\n\t\t\t\t<span class=\"elementor-progress-text\"><\/span>\n\t\t\t\t\t\t\t<\/div>\n\t\t<\/div>\n\t\t\t\t\t\t<\/div>\n\t\t\t\t<\/div>\n\t\t\t\t<div class=\"elementor-element elementor-element-8a612bb elementor-align-left elementor-mobile-align-center elementor-widget elementor-widget-button\" data-id=\"8a612bb\" data-element_type=\"widget\" data-e-type=\"widget\" data-widget_type=\"button.default\">\n\t\t\t\t<div class=\"elementor-widget-container\">\n\t\t\t\t\t\t\t\t\t<div class=\"elementor-button-wrapper\">\n\t\t\t\t\t<a class=\"elementor-button elementor-button-link elementor-size-sm\" href=\"mailto:nicovalconstrucciones@gmail.com\">\n\t\t\t\t\t\t<span class=\"elementor-button-content-wrapper\">\n\t\t\t\t\t\t<span class=\"elementor-button-icon\">\n\t\t\t\t<i aria-hidden=\"true\" class=\"fas fa-angle-right\"><\/i>\t\t\t<\/span>\n\t\t\t\t\t\t\t\t\t<span class=\"elementor-button-text\">CONT\u00c1CTENOS<\/span>\n\t\t\t\t\t<\/span>\n\t\t\t\t\t<\/a>\n\t\t\t\t<\/div>\n\t\t\t\t\t\t\t\t<\/div>\n\t\t\t\t<\/div>\n\t\t\t\t<div class=\"elementor-element elementor-element-52381c6 elementor-widget elementor-widget-text-editor\" data-id=\"52381c6\" data-element_type=\"widget\" data-e-type=\"widget\" data-widget_type=\"text-editor.default\">\n\t\t\t\t<div class=\"elementor-widget-container\">\n\t\t\t\t\t\t\t\t\t<p><!--(figmeta)eyJmaWxlS2V5IjoiRUVLVVE4d0NDUVFMUE16aWRYN29kZyIsInBhc3RlSUQiOi0xLCJkYXRhVHlwZSI6InNjZW5lIn0K(\/figmeta)--><!--(figma)ZmlnLWtpd2kEAAAAPiIAALV7f5wkW1XfvdXd82Nnd99PHg9ERERERN237\/HeAxGpqa6erp3urnpV1TO7T6Sp6a6Zqbc93W1Xz+zOExEJIYYgIiASRIKGRESjqPgrQUVi1CSKP4PGn4iYGGNMYhJjzA\/z\/d5bv3pnnx\/\/cT+f7Xvuueeee+6555x77r01b5fdOE2jgzg8ncVC3HHFdXqDIDT9UOBfz23aA6tt9rbsAFXZD2y\/UjcUtd1rAq4FzlbP7ACqB+G1jg2goYBBYJPXiqJVnAfBtuMNfLvjmuy52nNDp3VtELTdfqc56Htbvtlk\/7UMHDTdHuvred23W74dtIE6F1h2zx4A7bUHj\/Vt\/xqQG1Wkb3sdIs83nVYL5QWr49i9cLDpY3TLDCjbRfNmkmI6VwELEktzOIRagPJtszlwe4qFUJVd3wkpjexNR7F3GKUxyCw0hTZnA6Kuu6NAuZtMRsnkwD8ek6bn9h63fRcNwm2qdnLQer8XjTZQoula\/S7kAygts7djBoCMLd\/tewBqLd\/skq6+6bod2+wNXM\/2zdBxe0A2dmwrdH1AK9QzytWOo9iu2Z2O4wUE130QYQHVCp3z7a1+x\/QHntu5tqWYbGCoXtNuQnEl3fnQvkqRLgQdxyLiYnCtu+lyte9wehisp7B3BqFjbVNVdwVt07MHu07YHmR977bcXg88lYD3BIfRLN5NFodhfHOhdbAWPNY3fRutohRXNh2z6yoLM0LfUQLBRFCtFdWmu0vJ67eTvOGZvtnpwNZgDt2B72y1KczKMrpjt4hd3RzHk1EXqwIJPTMIBmEbTLdoafAFv6vsWzZNf9vmiEa33wkdbV81qhqa3Oz7bKpbbsctao0Ox1V9VgLYioLU4qBH021u2aiv6S55dR1W5HdM8j4XuK1woHigttE2\/WZRU3Zt+7ZegQv2VavTD7Q9XGz3ibsjMMN+YSR3qlEA3NXpd52eGzghh7jbi5JJthCrgdtxqHEB5TSVt2hRgZEFiqXSB6wTIFFQOq0JuFqBA1G2fnWna6qZNeAhVxwAK84RIk8wjMaxVjpCh2+HltJ3y+H0ZMvpqEFCR61nzd7fj4eZoHUHFuUjcJgwATSKpu96ZVW2XNg3FrDXHGx2+pTL2DSt7WVUjRZoKTdecWEfjo5iou\/BtVDKjrurAIgQahkCGEJnYJkenbNe1gYt17eU6zfItBkPp\/NokUwn6JM7OEbGskKdgCWm62zbpZEZveOjvXjenySLFH18k9MQnnPV7gQAJCRCaKNeDGs6SRfzyqJhMYEXbFfiyq7JeGZgjEyltcAy1QTqLXBsDnSPRlZR1CvBYj69Hpvj5GCCDgUzAS93VFCWbj\/MQEMTW9EMw+fzw1TUasvCmw3T991dZUKcRE1X7cf6TgcxE24IZD0zkwGXO9Ng7t4FKhPuyjShbF2EYSXapr1jk4fMhzY2p9NxHE3cWZyrv97vafPHRNAtQIQALIP+ZuibCjauKq9Q1qCm357Okyenk0U0RvcsQFS0C0tR\/mdc6SPqtRwlYdl7J54vEhg2ca6HpkrXTTcM3S4gozs9TmPreJ5O51Bh026ZCChoEJbvBrBjxwcs7Ws2DRuLj5qB3VcN5ZmYCgKMBQNCve6poNJAYTkdQCs78JPpvJvM5+ReGKBSKkqpAPgsYond2wppIUYzSg+1KxoWQjBQorQfqdxVm1vd620BJa54NksZ7LAwvCb32Jp9czadL2410Rp2AARB7P+ZHYocses01fgyR7TtXL2d6HR6vNiaJyPNpK6ttqLOUkBDG3Gt7ONFi0U8n6AJVI6nDBBRTUU3qRbreDH14zR5EqwLFSlxlGYKOWQBwepPx3EQZ5OCwv3AzWJGaJtcV2nBJvQKI1FBWtKzGGNrod31XN9USUo9ZwMtLeJCRWdCL0CZB04MHQ2v6\/UphG0jaD0OtSkJJPYM7MEK1tTKGkF+Rm1aV5rImh5DiHlG23hK2kLTNbMfMpPBLND9ynG6SPZPUX3Knp5p2QM4qs6kaqpboLWu4g+QyJwC53F7ELpweTXvJQSMBIvidD2kIKixBTSMgxMYOrxca7CR6wXeYftYlwGTWNRl31da4Q6AsmZ1XJVh1B1OPaqwOO\/2BrB+RSbMFtgMQqdrI\/ChLrsusuCBmqehYd1QQ68292zAdd2AbYhkDV1TWcsKqDzMi4aYx8y1pm\/Se9bRtm1fy7udQ3XH1fnWRjiPJmlSyvhMBGQkOeEA8QuhOdvcRdMJYEE7NkDZQqqM0kDOhpy55btFnlOroPI4Vq\/gdMRqVDBFyFrx+kFb4zJmqyUm57VWojSr9RJRcDrHNFnjMk4bJSbndL5EaU4XSkTB6aIWFMsAopzZHUvInN+dS1jN8q4lXMH1bjVShs2Y3lPF5TzvrSI1y6dVUQXH++DGjjVgG2pPR96As5DZg3erA8X9yAxdZBIl5hl2lOL8oFd8Dccnq7\/pWGgQZJ1XJLK4StXgRquTMPSgtRdNddItYRq67xJuRUevor4aDOfT8biZzLWfgU9muH9F7MGkVZzQfeGkC7pYPILjL2K021c9xFft9xY4cBdWNbnVRwCURorzFwYDvCrkeIqtVIHw9zG2M1mfi3UhD\/Bj7OGnFuGnrnc8dL6JmjzFj+EDBeoScQM\/tUP81BWnYDGdocOQsNgRcjbVXgYCoxst5slNIVeOLl1CXR5degCFcXTpMora0QNE1o8eILJx9ACRK140Ryx3JqMY\/YyD42QkwgrTjTzDQ+NJND6O0Uceq2zvmcJoQUu96CgWsrYfHSXjU9DLlNsEAANMFulwnswWqNVIuxPNkwhdjo\/ieTJsJQfHc6gWG0N2UBGwBEdt09LtNNVhHLAaZrlrMIuGsLOlvh4yDhfrmW1tMjQ3s9z+NgxaXFxOsMoBKR2OlArGHg0LU+tb7W1FsxT2VXaBS6hsX6IY5BXDs5F5U\/QaEIOixpwOB3iCDaAw2S2AKxX+Xq73qljI+fCL1A8bNwAlT6CUjMUpqBzYtLJ+iSxSxdxWHC2Ugv9Aekj20SSsy54iyaQwLC8gvkZpUCoBUTayY\/9K4PSYHq26frOHcs1s+Wxfb\/ZUfDjX63cp0gbOdibK89iEOKULTV1ebOvyDpwfWN5pmipbvMvS5d2+pcp7Al2\/199Rp8+n0TFR3hfsqkuTp1vBLsv7sTjEP8OyupT7mYHe3D+j7ahrkWdle+xnun6P8j2bSkH5WdhyuJTPaYbqWPLZrY7JeTy3u+Vzz\/ycALaG8nnb2IBRfm4LCRXK57d1+XltPe4LQl3\/\/Md0+UJPl1\/AlBrlizqtTda\/0PVU+UV+qMov9nT\/S952j3p6oIPwgfIySsr5oB92WH8IJesvNjf9HZQPm5s7rD+CknI\/uqP5vGQHAqF86WZnl+vzJShJ9zKUpPtSc7vNebzcuqKOCl9mtZQjvMLyVN20+j7pNrH7sm4huLFstjR\/u4UzJcoWyssot1A+iLKNYTmeg5L8r7T1fDDaFuXptN0rtBskVSof6jnY21G6V7xHHkXpXfEeJZ\/HrngvuYTSv+Jdeghl0LnSZb+w41qk72Oj4brsdO0mj927KCnH1e52l\/hrvY7KdR7v9bdDlF+OBIVyvRJlgPIrdqBwlK\/ygpD4AUriX+1v+6xHvtdmuef3N7nuwwBJGspRqOWIw55Ki\/exTFy\/gx1cSKA83NHtyY6e9xM728peru\/4oY9yjPIyyqMgQOQVYoKS9SnKB1HOUD6E8itRvhjlHOXDKFOUj6BcoKSejlG+BOVJECBmC3EDJfndREl+pyjJ70mU5PdVKMnvNSjJ76tRkt9rUZLf16Akv9fJILhMhl8rrR0l4esJkOXfIkCebyBApn+bALm+kQDZ\/h0C5Pt1BMj47xIg5zcBUKL+PQLk\/GYC5Pz1BMj5LQTI+RsIkPNbCZDzNxIg57cRIOe3EyDndwBQMn8TAXJ+JwFy\/mYC5PwuAuT89wmQ87sJkPO3ECDn9xAg528lQM7vBfAgOf8DAuT8PgLk\/G0EyPnbCZDzPyRAzu8nQM7\/iAA5\/2MC5PwdBMj5AwAeIufvJEDOHyRAzt9FgJy\/mwA5\/xMC5Pw9BMj5ewmQ84cIkPP3ESDn7wfwYnL+AQLk\/GEC5PyDBMj5hwiQ8w8TIOcfIUDOP0qAnP8pAXL+ZwTI+SMAHibnHyNAzj9OgJx\/ggA5f5QAOf8kAXL+GAFy\/ucEyPmnCJDzvyBAzj8N4BFy\/hkC5PyzBMj5XxIg539FgJz\/NQFy\/jkC5PzzBMj54wTI+RcIkPMvAniUnH+JADn\/MgFy\/hUC5PyrBMj53xAg508QIOdfI0DOv06AnP8tAXL+DQAqRP0mAXL+LQLk\/NsEyPl3CJDz7xIg508SIOffI0DOnyJAzr9PgJw\/LW+9a0BqtcB2LS4LmadYBnPKbjSbMcmRxv58esS0bDHFr7E5nu4JKfdOF3EqalJfcgijhpv9Q9YnzMiQf42iRaRoV5F9JWOcGS0mjeboCZx+hVxbcGykc+lhNJreSAEah8nBIY7Uh0jvkDCO4kWUjAHVY4icMpdA4niCI3eMSwrAK4v4SF1Z6abVk2QPp74h4TV1PauHzR5shHHub3bIIRKjeYS5rYv1vTl5TjAyaueUMMK4S+n5TiGHVASyZ2PKRHLBPLt2kqTJHpIqKeooslv1i6KRIuFOxSvlCnhP0v3p\/Ei8SqwmSulPijUFhIdIkieU\/EmxHk2Aw8nBYQsQd2oE0jpknViaVXEX6tVr5LvFufkU5wyQQJKNlA0Azu8r9VkUNlu114gLM86lpVrEa8XF+Gj6RGKBi4dbRihxVd7BBLELRTZhAMJoXI9PxUjIfWA7ySRux9QM2BvENJODGHxryOBR02nlTNRZ2dWEDSSruHfSzM4PDyOmzvE8hYnJoqY6Ok0Ob6SE3ZN4juusOIygTDiPrI3VHZe6QrkKFeP+egxpUmwmsnEwPp0dpthF5MqouINOsYfIVd1tBwMCBd2tUbRidq+Xcn0\/Go\/3cDvTQkMqRvLcIVZ5DubXN6c3McAbpdxADdCnpTzfrjQKo76Hi6RRKh7HqWY+xpTyI1DtMKdDhtfA81UmrzBWYZc6Sb8q5I1ktODZzGDbNQA1AoWK66yZ6RBHLNRW95N5urBynWEyDdhZtb6yRUUIY2U4PTqKIFjmv+WB7KrQ+oVUcOt9TFlpFEOdZR6NTjLXWGkWWhWGMccRE1OWsuRk6JOo0qlRO1GVXry4MZ1fz0WYwPKjMQYbqRFzQc4uNGMXrjExDUllpiKUMjg92puOM\/apqmDcEJFAwTmTlAwMnC\/pZgHdoIXZwFWh2JxtHhYNQy2UnAGHTAJnITjBVjxhcMA89VhyWuUsmzj7ndAzj44XlFc55G0pAygSM1XS+fF+jFMyNGms7yfjeBsOBeNPVaOahoG+tM92hBCMwy7n7UGuTNYUWYys5wG7MU4Qs+annFA4DY73eEjeAxkR4kRy8WfTCWxGD7R6PNkf81p4Apoqx7Uk7edNMTxcrGuprbx\/N0phCnp+tWGO1Vzl7HhvnKSHYMZxKW04DePoqFNKx0GMWwepOdi4aFcuJk2FBQvO2qhNszpZufvBDUgKVWfEXCGE3SURjLyHUvnt+e5c\/mtxVvctQWVB8i6atX6Dg++qDeBeSoKYqjaA\/f00XsCaa\/NolBxzt6iXO0EDRbETrKSzeRyNQLEacitQDulM9qcwRcW3I+ToWFsfiAwPMX3KhmZ8kgzzZ4j8JopHFfUOIi0cHtVx2lA4XE7xEgP1mu7o51sDTDzrbFm7A5WeyFsGQURjBTkp7DNzU0iNKToj6D3ZTxAaYKDopXl+ANudC10hzHpZjAnJAI+7kERdOAhcEeb3iZJw0WKwlt8q1nCDhnnklPWsWhA3MkROv9I1e311TFvNBNhEED+YMyA75Q03RilmzQvwAS6Zcc2A6z\/cA2bvevIMAz2HoieOoU5zkD8knyU3YVAInLQmw9gr0IrLh6DKEmXlhtOLkJUoHSoqXOObO7gFURc9Ahem2Uu4DHbV1YvBkl+TKAI8bKqbU\/0kYSPVmS8CZDhwxlQYa+nx\/j7u8eCkKlFQA1wSuPODyeuUcSFq6ckBPbuHCAZLraOKlJGW+iOwW9Tc4wV3H+7daEdQgU6xQboTXNNJsQqK1nQ+hJfxiRKR4noK9Fomy85WxkwYTmvQs+3s5tPs7JrXAgCyo\/ZlPlkhKi4o4UNCRvwsxUA4LDyoNjk+CuB70FMqsI9m\/oakLtXYgFaKHergGBFmntVWh5ma12YMPHgPe1isbyGoYn1q2SCyYFXs2R7iAxbwRlJ+xbIm4OtLeykekLBthZSYN3naQPhkiwLXfr67TYyRfQRSs1st\/fZaxyWJ6xNqZO9xKzrcKn6VPULvizrESVhaZWMwKj2gcsyMS4g5pcRkXfC2Wl4Eok+55WSX05vxIYwP+gE\/ZUdcEEwBr1KD3bYN\/2g7nebAbeHdks24Z8QDhP4OR5rzYTFmhCffyYE5OYCikJUj1FWqRoJ3qrmfR8Wajq4dZEToezxPII8cJelsHJ0qG9zAiUNXlclBWm98fJBkG3FtpirQG7rpYw46XNfT8lSbH4+j48nwUHeozxRSdzhCHg9HAAgnUKsJsJakzXgcI9OGndWtKcRlrtCNeFjA6uRrm738MXShMLL4lIUrQPU8IjUKHvZkNGM6DbnjDGR2AWFCbJz52iC2HunBfhGGXnQGAJ8ae+wFa6iQa\/9AN5BoWqoqAMR23N87zSZeuPEEg0ChTA1XaTlKf7Uml7p2Ey0chkmBJJdPIFyVnlFQY93g6jAyDGN3Nt1d7c+wdzObvfq4C\/njBHo2\/lKlbpwtyzA6gOO8eHaIJFisCEMBGvnwDAadPyC8WtQqVU3wyIKedk6ofUmjHp1Eyl4aLDXqJWXEWMlA3fBS7OzX1Qqvakijv6Q8uK1loG54GXoWO\/Z6UdGNXzpECF8AOKcAjXx5yphzFcculBr1ZYiyxVHvfFHRja8YwZcRaeC8E7EuL1SqmsCM1BM9JwexL5Y13bxZbib2hEkoJ3fHGaQmto4QmNF+J0uNasYqRGNlq\/H8rrNYTW6zp5O6ejcA5d1LCE3UKod3tTah2HvOIDXxFo4S1chwb7WuSdqVg8nTclg3ObCQ6GAezQ5pJFiNdXHfLShNeKXA5q896+Lpt+I06TZDmQNLn6szAwjvX8Zoss5RglXqJChA8gwUWU03d1O47fU4O\/aui2dW65qkt4DThchMrmNskHxGta5J3MPiMxwsBlio\/fpZ4lm3w+suHmoYyMQ1yEQ8W3xmpaoJHtMYK5qJ54hnFxXd6Ou6+sjoueKzyppuDiii4tUuBBDPF8+5DVp3CIuWnfyToBeIzz6D1MR94i1EA3GfeG4O66YdVivnzvvF5yxjNNnu3q3fPj1PPO9WnCa9epKNXSoQiv3cs1hNfg0b59hjPRWvk\/L5ZVW3Pw5qqEqjSPF5VYSm+XL6SHac3xMvKGu6+ZW07R5cGxcsn5\/Duukr1GS5lb1BihfmFd32qlidR1JcL8svyGDdMkD8HSE3UN9AwabEi8SLbkFpwldrfw\/ypPGHpPzCZZSmiziyqUJQCh8Uj4ovWsZosj1s21OdzqW4HJZfXKlriqG+FOAkcJMvLpVV3T5Kubtgh1wVD2SgbojLMGJlWd3lW1CacJ8LtBVPj+LF\/BS3z\/LBKkLTHOglypGkemgZpekO4f\/Zh0cvF0lR0Y1PqHoWQeDF16t1TTJWKC8aMSMCyVG1rkkm3BkR+NXlwzSv6LZZqpIlagdPGuIry6pun+\/z4qGLQNxMUhXuEZjTM0hNvJjrhZq2ELekwMVnUdUEJ3rhNyGhVmreH9Q3lOAWsAh2yoHFpripkFdwociPoJriNNVpqZKyzGTfLcWTSaqxnr4tIFtw\/SpARYfqlcRrRvqGRbdwwjx\/f3WVfEdnxNj\/X0uPyV6+LaR100mHRypOEGN8zVIrxL+5OI6Qf5YUr1N3mhkJ5jycxwwWuLyoUn1tlaoNW4AXIVpUSV5fJXHnWGMEPYk3sQo6GGOfj0ePx\/Mpmt5Qbepl3xTo7xn28XJ2tjGzLnGI68izrS1sIRRdPIFHtkozgnwqxrgireC8PJ+c4PmNZocpfETKN0nEvuxSgpkcPDHEa9wMJ311PxBgQyyT2DeXDaXZKF+Ee369RABEOhONmUZgtm\/JL8ewO+tFVEy+IbsCa8ZQfTLjyFjVt0reLyKNxLY7nXXifaxemR\/Al75xicBnNL2F4m0lxeZ0sZge3YbL22+luR2jd5REZUvCLGOGxBCpBib3TbfShNh8lkneSW3RxTDDFLaIiBNhJ6B\/fbPUtg371Vdb8F\/oTln+eyReJkGarYq6Knq\/xCNliQuxAKIDTytRzfIK6VtkHBXfU\/XAD3rG+a\/8sMnD2+VQCR0cTacLXuah2\/tkMjmEWfGVYBzoWIzlem+ODlTALBu+PW8I4WMl+jtytK3CS9nwgaJBbV1lw3fmDdw3SvQHc3RFnha\/ZKIYaP9RmaRFE3T6rajrxhzzbTIlpPTwUYnHWFVdtrufkMf5PSXUUA1K75c4JWJRch\/cw9stekKTrj4oXcV9GQw8C0vflS1pwDEqy\/lTEo+2laYyUH5M4hU3SZdj5PfIWOmNSjVT3KgQAP57QRlM95EIQaqMFdAfAro3nfRnI2zZGYvvy8SEycE+hooarcLHO\/CwxGE3wBR+QOLOCIZ4mIxHEKuZnCA08LLvwxXj8hDw4vkJ3p7IF0P8IBlNsIpoVOptI5UoUfwEdUP8MO1fR4vsmvGDEtdMqWJS3Eb8tETmoCIHxELfEOTiCl6Yy+HD5ChGWgEb\/UiVshuhgv\/Ko35MopK3VJzhx+UoxoY1UXWcX7BgSFLQ4aOV6zmdu2FnkD8pb2t0mwUpDO9jMspuQ35W4gUb6lreuzoqCdrJLKMBC5hgqgdKAjW7D0s8c09PlCR5XFYN3y2hjqyB9xoLMM4JsFY\/k7eV4jjlpGE6EOgMhVleUn6\/xNO52hMy2Tbwgr6AffWxup0lqVfxpK6vUjgjPKvLn8M78gGi3ciduGFLfySWirn8+QK\/v7\/U8PHKCgaH0+PxKDjCZmKqZ03a6S\/IlAmFTi9egdsQVS0PFlnehEX8Jd0E4VTKXjb8sm7YVe9pLfEruqpzbdR\/VakDUUXdhIV4zJ9pZ8Pq8irhE3ldBZxfgwVn4ZjkG3jgT1IL7+t44M\/o4tFOpqANPPZrBXGhiguoj0v5m2AD8WGX8+B4Rl\/OwhRDk8n9kpGXCcRvaXGzNAsOyUm1xG+XDNKMw1Mw+B1ZvDeKP5Pid+X1+DScJwcH8OD\/LsUnIX9A19+CJcxA\/3ulR1YMJxV\/JOWn5MkULmqfYPbeId7DqZ\/fh7Xgsrf\/FBHy01p+b44VnZ8W8v\/BElotr4P39xQp47\/TTdmMK02vEP8+a2IgyrpCbH7G+oe6JVt1X63tuvgPS1i9mQP9R5KmznSNefVmjAkg+iBmYqJ4UvyPupcaRQ0fxON95LZ\/nCUlHagyhVfI\/0TCTHMetnGY3ukOLyCR6FH5n5TyTyR9p4PcUC39p6T4z3juPPOa+E4p\/gs3gFv+DvC8+K9cZ0ZMbmrwDFiz+NMSZyPYAPPfSgyEy\/a235BY3wKveiPpwzH\/f5RY9Ne4P9Oj08kzz1gX\/7PwDHTGJfN7pfzz0jiAg6dNDjzcBywgvfhfy+R4XnuflH8h0aoSPntyfNTCgQx6h02K\/y3hw\/AMa9md\/k8pmwUDxy6g+KdwU\/l\/8zB6m0fWd0nx\/8quVGBxgfnrUvyldG4jBV5rOryqlJD3KVcR95+zDAnx9P1yKjakwTGKdTXwHJ8uECEaQu4dj2FKIVQEU+ZdN1M9tdSd+CQeg0S95PeO1cfPeLjQnCZ6IoYxBqh6\/yHuW2\/T29gsB8ALm9+0fX3j2u+VFen0mngeA4SXqkFHf4xZ6+SscTHeMdXfbYisT04jCy45pnxtVErU8QAz1pe4EAo6\/mMpDN2Qij\/Bq+jS\/XnR31a0xkpS8gmBxk6OeRaopS0b6isaKjt27XpcDWL128SlRrmzlLnBSiGLqVgK40JJ1oNfYgkxqRIXghRZtFFiqlIs5dD1kqYcsCLFbfc3Pp7RZtGu2LT5QJVjdIq0Rrca33azXz+bNJwrBzyTkW1oeVvYidiOK+bzML15pAmwN+uM9UKhJDhGxceN2gTuBongh2klPS7fIfBykq1KUydzorFtX9t0TZ82CQPd7rm7eETiHzng9Ug93sqrm+5VPL3agA0veAhFLdh1Qqs98NSn4vXtcq0NvuvwkyS8+Eksk8JmY\/0prKUNofVWZxj6qxt1jsWaGjtJfIPbJCx3GE1OopQ5Ow54SH9SfqQzQ4o7hspOQAddGarejKlLXlnXdKctza2u\/lqRrPQfLL5QSN2umHamQ7Um0KVRQWMb0evK74Mev5WjNU6G14XkpyerkEZpHP0DtTZermFpTDB70GcpcrFoRqiVgRxLm4uQ6uMGQNkI8nC6SGfTRVY10hvRLIPzVSs661DUmOpaRvVXMZjlJuOU\/pq11bNum4icM1wzLpwRTvKiAV2ncFhkxYhv0KWxB8cNcNMS82kOw2Wjp+L1BsJtYdblGVUYLdffzYzLt\/EyHtCKJM7+Klh66L2ndnKcwTHCyhT+pwZ7Ax55J\/GNomKckbFJGWuA8tkAg7kkaVtTOpNefOOWKWBSo0K4NxqINksCeHzbgnXzE3YHr\/VKbHPT9TUoLbfbdUJdMZa7bsen+9zr4IMzxeVNmAB0fgABeBthLBBx0kV0NEMle8vNsjB02VueVa5YB3vLTRibkSr6wpTwaKrH1idG2AEuqBa5UrVA4usgwFl0AD3geuTN0KhmmgmRircYslYVsq4sHEeK0lca4LHoYkJ8jzXkArGJDrzD2N6NFxGEgVHmuzzOo9F4DFsCSR9xDp0hgDDuXfprqYIYi2Nk4as2zG6j6ojCB7GOsg36vYoPf46ofKTc+y\/wNJjmTovEcG26h4FOMB+xKtdHMcNOT\/M8h2WHJSgnTpHFyA09\/9xxU6QnEu99y26G46QhL2CoOaTdEBeVQnOazNBgdXcs4b3buBq6h+LORU6Ss29SY\/Ceu2aolSuairca8u5hRdtvM8Q9J0t6foch7g0wJeRFeBN77DjGlTiegrMNoZcFIVxl4VAFEyLCUiuQFiwMuTeGxlpJPObBj8aFFbFUxPRjLTiI9CLoYA39QYub82k0GmLOHBESgg4TRN\/hct\/3wMzyGRj3UyXwHFntYWDOCqhNSgFxppJ1Kj2vv9OQDSWquClXUiT80Thb1tVoiINCKupiLWVSHcTqHQYt63k95LAvFefyuoW0FXNQ6JeJjRmmwayiIc4rMFMEdllVxaGNzg2GF\/XAXnQ6xuyBuCNdUn8CQd9lyDsrEyk0\/W5D3LUPTjs4dWDqmO\/diruTelwv+Mmpe7xIk1FsT4ZjmCSSABVOpLhHEXpQIVwpFPfiNIvERYqnjeGY4\/5kNA14GBLvM+R9CuXHFdTT9\/KlSsV7DXl\/M9nftw6Puf+uVwSFu0gdt\/DEP9KfcvTQjJWAN6ptUI1e13Cm4oauOakydOgGYq0MyT011fUgphEeQmCiMMQqNpCEM4b62wlcYz48PMUQcm12FrdOUXNlG\/UJpMmFRau2XJgDpM1mhCc1hDBWNzkMqer\/HwgUAADtWWl0VUW2rlOVXJJAIJAwI1wQBAxEhiASc+pAg4IjCDyVBgfUNKIQkEGU4TZDBgYZFBQRRBCQ54QTChKIiKgMkYdII4MoM9pMIpM0Iu\/79rm5HNZ6y7W6f7z1Vq\/HEvfH3VW7du2pdtVxHK2MiotzlNIqzonvMODhof1zcoeokJPwV6VUokpRlZRylIxTdVWcju\/Su09OuPnlEeVI8EdIBYcTUolbREo2biz9yx+GUZAWQfUo6JbcITmDcnv3C3fO7fd0uH3v3Cd7D1Yh9c+LneJAwW7YgVEOVEyO7zb04UE54ZbNbmiVEW7\/2QeDHhnwUO+McLtBffDPnH4ZWeH0VpnhNuGWrZq3DLe6oWnrNs24nzKlS5ctVGrGOKW6+DpMUKO\/ETXw89xkVV50qTxWqdXVx+DXGmTVHJG2pGOtuKt0bVVHhaFFg7hroJUGi2zD\/8G+jmqoGgGPVo27DBg4sG\/uYHV73z6PDlHRfzX1\/3WtE\/5XthAHBUXveMcZpVTx2JKSo7pQ1Z1u+s6eNSuOnDJjoXa8CrXEf1CvdBRiIMoY9eT0aspx9Ji03B5BjhOKNNtdH3Ggx6Yd3xzk6FBkRrUOyjF63LR644McE4rU39VGOXE6L2lZxSAnLjSq3ruDlBOv80ratg9y4kORDU9aBkretH3PBjmhqG4hndd1xsdBTplQJJyfrpwyOj+pjA5yEkKRXo\/cqJwEnX\/UNA5yEkOR4yM95STq\/JKBXYKcpFAk9zDmJOn8JSOGBTllQyP7rRxC3fKn1SsIcspFdSur8wdemBXkJIcieasnKqeczu\/6xvogp3wokrW0E62Tn5n6S5BTIWqdZF2Q1C8+yEkJRV6a1UM55XXB8Ck1gpyKUWkVdMHRNRlBTqXonBRd0OvgFbZOjXKSdEFJmR5BTlpspwW254NBTuXoTivqgiUdHwtyqoQiv2y5g\/spqL0+EuRUje6nki6Ylj4pyKl2WQN157wgp\/plDQbOXxzk1IhqUFYX7Jv8XpBTM2rreF3QNecKW9eKRlWqLliTvDvIuSo08uzFraJB5nsHg5zaUQ3SdMHCuGNBTp3QyE57h4tuaf1PBznhqG6VdUFBj9+DnLqhyLW9OjPeCv8xLDHIqReNtyq6cGlWapBzdTR\/lC7sd6JWkFM\/uk5VXbjwYN0gp0EoolRbmdNrbXqQc010TkgXzljRLMhpGM0f6FaSmBXkNIrqVk0XFpRcETuNQ6PKa8yBtGLnliDn2qg0aHC2S9cgJz2qAdbJ6HhPkNMkuk6CLjyU2DvIaRrN0+q6sPbBK+ItIxR5cEWicmrowntvHhzkXBeKPHQwRayT8t2IIKdZ1DpldOG6FflBTvNopcBO1fCpQU4Lf6cJiYmOEy3T0aKtNEu5SZtx3cCs7tvM2Z7v\/3Lk3iHN2\/b\/dIkXp+K3x6ly0TOgicpw\/uqMdpwxjhrrqHGOynNUvqMKHFXoqPGOmuComY5a7FzCnwr4e6nCImcsJuoNjtro6K8ctclRKlTTUW\/FQf0xz9s\/PXiwyFz150cEjEjLsC+0n5RtLr5+0p17oqHbo81St0XCW67p+2x\/99ZyGqNy3KN33WD1x7XjLYF5wk2yM6rF2cyWLfHDctecbdTLnr7Y3aV0UnP1ro8FVN2xyVIgljtgoZQlrXhvGys\/PNOvjx06fbu9YcIYa74qKbHZP0y1PR8psumFL1jz44XXbcb7L1M7233\/Imuq7rjTfvDyOxanib20dbk109acgYZr7PX3r8DSf7Nm2alR7mdnfrSk0NaTH944WcmjlhnvX+XJLrOWNvLuKd\/UVt2R4Zl3OvaGppnei7nPCTUzqq0VsPWOfZYjTeo45SW+Vcs7tFl7f3sq0dPdln9vCcyWervsvuFp3s+Lv7DPHavlmQpN37cb5zfwGveaKtS0bXW\/AFpKRjRsniBTSDfOj\/d\/eHzlaTusuI4d\/tMha768rbUdX2WHfbvWn23Bka9lUzZv9QZb87qX7X1T11jjqNWyf255Xo13rEnWR8RC9Xedt9wHjBvncRrp6Mey\/R\/otZ6PXBBrmZFpx23quLbu5nPf2LLfLsgWjzEe6EJStQudUd9nk73\/\/KKspwngPqW\/vO0c\/eiD12avdWVxRIU7+NGv7aoh07PNzk3LAFJXPpzyolDz+he3CSi6pZztfbCLa16aNcvFGi7pe4MetZpA1sEwGwPbFwy0hqDMmMpUllZwzZSZufBPd7fr8rlCjUn\/UkDOjT9A\/GYXFjxnDyyqaUm\/Ox+xoqtI5TYI1EmtnNdmd8Cik6wh+PK2ZXbuicXuXZO\/tYj8Y4j4XxG5mQi2OEbNE\/aXLcnexHbzhBqajSDinbENQo5n6uSX9d4b9KO986EUWHyl1dff\/w9LYDJbnrKfvLLTMljq5B+xZuzznyEWfrMURoqIyxOwpV5P+3n4Z2uYk+e77afR7AMr1ltz80en3O0L3rWkojIBjkwZ8ckrNfwpSDaXMg4smu2KUBqbq5DKsgTUQ\/KbijEdqOmrN11vNXUnkM2kjlvtcnefh5u5cMI3dkAls5LCSMUgBLTQ6Ytbs8Vk9Xc9jQqy2F126qIrRqXPSKkyWm3lvDSruv2P\/Qet+fs1zRlGHrNPp5fxzO2tJ9j4u8t7HSa9JVQT0G\/60OZXBSCuhglAs2KZnAij6nZP568s6dlGcxhG1SlVaUS0C+oDOlxYMUAV1Gto+Vka3q71kjUElZcUInsqef0Pj7CaBiYwyCmXKTR0ejXbuFcFa7hlBj5VR7K4RqcXimE\/3TBfKLa+VsDZRt\/5lu7R5jQK1wkIvGC5c937YIpHYKjS+ieLXVQyDG3imn3Dt4phKYzUPL5yiAA6RixNQX9oafmhNJ4fTtnux\/Olrb\/aUV4rK2Xx5o8GS\/hyFVLDKCN4pt9hfwSLHafkrU7yGDFioWWnVllSmkw5c9Yq7+t6s61hAqCoSBm786HN1sw9cdj2+cshy5KACLOm094VEuGMH1LD1CZA4ZBIN3CWhDrtTqG6VLpaBz+hlqFqJ3hmT+fJcGzYQ8zA9U09w2DotDfLY7EhNVSE4M2TW6AQ6jlzbsrMDG\/npnOodFd75ps7tFfx3uoeaYuEcv4P5FLVie32WMMCn7V0ne1\/uAi2\/8xqAiSENWRXvPdjS3\/NWTvPGtbwrKXjpZbfN\/VP\/g\/wkwubQ0Yn19AiCMOiodNfFGp+XnyzAJ6tMmLamqEup3xVcruLuLEaiggwHMKqWaFpC5Z+12y94yGcA\/e5FEZqjo\/8RAALEjR0DY+\/21snWlJIt\/IDzyWmLKlmiYgBaqfRYgswn27YK4AUx4UnP4yvUt2Lv3uTvbVcPU88+UL7dM8mzRRqWL8Jrr8\/yx+xp3OyTEEYQYEET5c6T\/2Eovtx7XyXMgwBD1Hu9dMNdT0zr8Z1OPOyPB75pKbst\/sFfHf+dyiEEXeXT5YDmFRkENDoHCGb5xQkSxFlkEpZJGDSyAguyymklKGcD9edRcBAGsGFyN9R8X4Wd5ptT\/1kq8dV8arHbUNZCXsGLrA\/XmgsKpJKGSTIW32rPwIBJlPSC6v4MugKCiWVVQgeWDEBLU4VFgkrU1hYKIMVXITSZlyFVJYloB4ygopxCjUVGVSdQkm5ihoXrxxyUFusGfxoRXhincUB6TK0DSS7TFbSHy8kevLDzk1VJXDvmwonMr\/6PtvUWzjQRUq29CsGnTGs+BWhiPPPBcxZu8cfweLGKTwwRQZzi0JJZRUCHiljnjee6EF1GzVfZ23St76mKLZIrQ\/t0z+FPLY7hoXytdl52GUKhCK9CFBvsJ8E6uIa1gmUwWy6Hll1I9LrC5TSt1aCK1TsScAKKiOQ66yc2a\/e9JGLUX6nS6GksgoBl4UsV\/R4oX1ZUazUpsrhRuaewMlF8PvWal7bVt\/7CcB+hBkB0UKl2BFQtIxAAygpQioyCOjMsc+3RzbvtoYZ+YS7AV3hK0LN9\/W\/EJDx\/m5\/BJflFFLKUA7HTpm5hMf34wK4YfQCUqBhsPHsVHhK+D+ghKHXz0RqzXcNO3G0TDSHUGx4o4Bmuw\/4I9Y\/+bul4UhFBkHD5uNh0v2WhVrOEC5LGaTqN+Q7G8+GzRt5ml1KDPDUxqmYyZBEt5kjKYI1J9kFN53FdhYLNWx\/CTpMOoo+7IA1jBxWOlYBtPTWIAskUEjluCag4PcGJXg8S1DBHATMGJcnG7acjW50IzdQ9M0drwpFF99TADsDlmDzefhdqcfoZt3KSzpKY2QJkCdXycWHrRfCwJXefNtTfV0KI8UdZZMAtLf0k2tGP\/YbTHQ1esHfkJrDrfzAHXIEq7dhbWXb+Wu3BUKRWvkCeHmgUaVb4hEEh6ClX2g1NYyBnZtae5p2jgHaWU1Hv4UG1EXIF8EsUwWgaQG9OhtHdEOcNyXZpGgeXPmBpytH4OblypSspevQ\/KwUihg5LICHkoxgXeEUUpFBQKEcIatwCpelDNJY353Z8gO\/T2GrQEsyn+XogInh0ftQMBt7hvdA3sUqL2GLj8Oc3iSwSVVx67rGMx0mNfHQmrFv9RYNvGj1Ox3rCmB36LFaPLAiEY1ETQ\/xdhpGbyDCSHGYzxOQOm40+kdczpig7G+6Lq+NO6nj4WQ+47LAkYrKBHQPR\/AclyncLmWg9XBFKG3IVUhlWQLqIUcQFeMpQE1ZTzR1J5DNMPC4O5zdrqES6CaLKIxUDEJAC+HG6IrJ8ICMtCyG2xr7Rn3u2EiM8q2sdqF\/YmjhGFyJ0jdMAPsurJSNun5Kukk6FDXxD7pJlFD\/dkQb8HbEE5\/FHlX7aWREsseIJJUUI2DrJSO6749Hvv6K06u8JzIeTqnmUSiprEJww4R2MoK9IJIg3oNgl9dL0RSXP1G9dC\/+rsZX6eGa784XC2hSuA3x87J\/u+VVkLnGeiPSmLSksh4Bb1RsQiXHpsw8Lp0ozyJ0C1Y6K85H3ArFTX28ADjTH8GujFN4PRUZNCaFksoqBFyWI0QPTqFiE9s96GvKSwdVL92LcngDYERom3QPKm5VH\/ARQZPV5y83+4Bj1HI4lw4quuWZy55CdfE9hR5UPMXXB\/EDTyI6hndnUrkUErzTca8\/gq0UyjyWCUnfrwnQBXj66F3VLgO4SAkL1Ac4ul128ej78t1Dm\/chsw5mw8yfi7PatporFLeXAQJoCNTHbBxWRxB4o1y8X8gZLLtgVpFyW8qheDEnQd9n35Z+j6csCuNJtOF7YLkdOHKOWyTMp+KjZrsXCkUjUygg58YH8FYCp+E+iwNtLx9hpPcQH\/EVhZTryQ+bz3WTEcgxfwpWwAPDA5g637\/x0VlchVSWJcAoxosrisF8LjWdszbsq06hpNyLehueo9NpjP9PS1BZj4AZ9H8uLZloOGfw1rDD71zYu6JNhENgyP86N10sy7dLUpxTewXAZtIQ43ZTQUzdZXJV39QT24XF1KQSdgSMe46QROAUZsbxkZf8VGGS0sRchRTPMtMFdJjUzx\/BRGezQ00ZD5oAOvgPIaA+kDQmKwa4LeWMSCvv60LAnMA1wJMk4Rso98Sbh6QRWzNaHY+7Qk2XyTMF8MGNTjPZP3RG6O\/BiEw\/WbkOs5dU3EDAnOAISRJO8bMmQv+6IpTm5yqksiwB9ZBUpGLIOpeaSrJSdQol5V7Ec0wW\/iOWNaw24gbkgmQNI0AcxQJFz7FikUrnTcCaJs6GFT16n6n8dq2dfonkQ45UxhjAML8ygvoAdZUX9kty+eQL1hUlEnEnVDQgoEriVerIQKDSEhncBUOFlNv6Ny2RTymHrmFbo5N1ug8w3w9kmMgHb5x8zm5f0MzTzAsB6M58q9MZoAoO8eXwSfsY7J5j9dM\/vYYLbA1Ps6zKL6UstQ8fSmL+p38I\/kf\/82FXfMuVsErA\/5C00hDgmrkq+4cKfBMoRmEp4xUcuav4It6acDEtlpdkPH4Wo4kTKmc0wWdnGtElxfD2WnyQaVJMu+JoX6VRIXjGr8IXksZ8LC1mN4g7QjFew8Yzo0QYKV4b1gvgdRuvmMUoXacR\/A2KJ7ZTfHpZJVZHmq0ipcqymz+OVJqG9F+IVPnhn0vAf9Pgvs5\/DZcKTICo8oszqA9iLAK1CDen0muU3M0IcOaB4qLF2xtvXqSI5\/+t65xoxGduEU\/A9fgiIArAtwjUhi6zRX5ATKDV7I23FTiaU3hNpwxSEU\/A9WQEFeAUUpFBQKEcIatwCpelDFI1TDmjvMoeEwBZuNzGAKa56KRnXgbC4gt+DGCzVlgxwEc9mR4DwuISMcDpctvGIxFkZVhNwO+rmh1Xk0L08nzFiAEe1wihKvjYEQUyi6wYQBAozTdsUB8Ii5IJ\/GvCoc31PM39iCD+EgNkqe04+vByKs9Khl88YUx0bd3RI+KmylsiMh4hMl8orPu1AH7H4iuHVDqeyehAkXPFVqoHv8fwo618aFw4cBUepseikL4kFBWokwCcxzISF9TJLt\/QSZmI8gNfafCqibc1fJJlsUF591gB3jzZwn9S5hM+365I8fXygAAe9gMq4Qmf7WgdfKQixc2Xn4bL83KCuFV4icbm+FyEWlPExyhSw8+pBLSHvPLApvLKg\/kuDaTJIfBf0mgVqLZMAP2YrN9kk7YHX1E+hJ2P4kUN1YPfSBh4pPw4JT98uyBF3kXbtqrNF+D1aHfS8Ql5jlBzIfKYADbqx0fW8fDuVRZXtFSPdBGfLghezN0CN2VZfpfFg29f0aNUMdWO30QuZj\/TryHf1y9md5nc2tNsaWMAvlPyxR7UB7HBBKw\/7Mslign4YqfRM2bHQIxFoG5VDpvybU819jQ\/90Oqkq+0oEqzD0KCexoWZRHyAT5le5qzYoDTlfpv(\/figma)--><span style=\"white-space: pre-wrap;\"> Sucre 3085. C\u00f3rdoba. Arg.<\/span><\/p>\t\t\t\t\t\t\t\t<\/div>\n\t\t\t\t<\/div>\n\t\t\t\t\t<\/div>\n\t\t<\/div>\n\t\t\t\t\t<\/div>\n\t\t<\/section>\n\t\t\t\t\t<\/div>\n\t\t<\/div>\n\t\t\t\t\t<\/div>\n\t\t<\/section>\n\t\t\t\t<\/div>\n\t\t","protected":false},"excerpt":{"rendered":"<p>SITIO EN CONSTRUCCI\u00d3N CONT\u00c1CTENOS Sucre 3085. C\u00f3rdoba. Arg.<\/p>\n","protected":false},"author":2,"featured_media":0,"parent":0,"menu_order":0,"comment_status":"closed","ping_status":"closed","template":"elementor_canvas","meta":{"footnotes":""},"class_list":["post-75","page","type-page","status-publish"],"_links":{"self":[{"href":"https:\/\/nicovalconstrucciones.com\/web\/wp-json\/wp\/v2\/pages\/75","targetHints":{"allow":["GET"]}}],"collection":[{"href":"https:\/\/nicovalconstrucciones.com\/web\/wp-json\/wp\/v2\/pages"}],"about":[{"href":"https:\/\/nicovalconstrucciones.com\/web\/wp-json\/wp\/v2\/types\/page"}],"author":[{"embeddable":true,"href":"https:\/\/nicovalconstrucciones.com\/web\/wp-json\/wp\/v2\/users\/2"}],"replies":[{"embeddable":true,"href":"https:\/\/nicovalconstrucciones.com\/web\/wp-json\/wp\/v2\/comments?post=75"}],"version-history":[{"count":184,"href":"https:\/\/nicovalconstrucciones.com\/web\/wp-json\/wp\/v2\/pages\/75\/revisions"}],"predecessor-version":[{"id":466,"href":"https:\/\/nicovalconstrucciones.com\/web\/wp-json\/wp\/v2\/pages\/75\/revisions\/466"}],"wp:attachment":[{"href":"https:\/\/nicovalconstrucciones.com\/web\/wp-json\/wp\/v2\/media?parent=75"}],"curies":[{"name":"wp","href":"https:\/\/api.w.org\/{rel}","templated":true}]}}